*3 - 52*f**2 + 6*f + 325. Calculate z(-52).
13
Let h(i) = 734*i + 4976. Calculate h(-7).
-162
Let i(o) = -344*o + 13. What is i(0)?
13
Let l(r) = 9*r - 252. What is l(23)?
-45
Let q(c) = 30*c**2 + 138*c + 68. What is q(-4)?
-4
Let q(c) = -c**3 + 10*c**2 + 23*c - 147. Calculate q(11).
-15
Let h(a) = -147*a + 729. What is h(5)?
-6
Let j(k) = 2*k**3 + 54*k**2 - 39*k + 355. What is j(-28)?
-121
Let w(t) = -15*t - 62. Calculate w(-14).
148
Let v(a) = -a**2 + 130*a - 253. Determine v(2).
3
Let t(q) = 2*q**2 - 235*q + 692. Determine t(3).
5
Let m(o) = o**2 - 68*o + 672. Determine m(56).
0
Let y(w) = -2*w**2 - 106*w - 544. What is y(-47)?
20
Let k(g) = 7*g - 18. Calculate k(2).
-4
Let g(y) = -5068*y - 25346. Calculate g(-5).
-6
Let h(k) = 2*k**3 + 9*k**2 + 19*k + 5. What is h(-6)?
-217
Let a(z) = -541*z**2 - 539*z - 4. Give a(-1).
-6
Let p(x) = 149*x + 4866. What is p(-33)?
-51
Let g(f) = 701*f - 4226. Calculate g(6).
-20
Let m(n) = -4*n**3 + 21*n**2 + 269*n + 25. Calculate m(-6).
31
Let m(q) = q**3 + 66*q**2 + 351*q - 6. Give m(-6).
48
Let t(p) = -49*p - 165. Determine t(-9).
276
Let g(t) = t**2 + 8*t - 431. Give g(17).
-6
Let f(t) = -2*t**3 - t**2 - 398*t + 1967. Give f(5).
-298
Let m(u) = 23*u - 45. What is m(11)?
208
Let f(l) = l**3 - 14*l**2 + 9*l + 300. Determine f(10).
-10
Let r(p) = 117*p + 5796. Give r(-49).
63
Let b(x) = 8*x**2 - 1345*x + 2830. Determine b(166).
8
Let t(y) = -12*y**3 - 5*y + 4. Determine t(1).
-13
Let m(w) = -w**2 + 39*w + 746. Calculate m(53).
4
Let v(q) = -4*q + 13. What is v(2)?
5
Let g(z) = 16*z - 612. Give g(37).
-20
Let d(p) = -p**3 + 29*p**2 + 119*p + 2. Determine d(-3).
-67
Let l(u) = 3*u**3 + 15*u**2 + 5*u - 6. Determine l(3).
225
Let f(i) = 125*i - 1591. Determine f(13).
34
Let b(d) = -d**3 - 24*d**2 - 50*d - 1. What is b(-21)?
-274
Let r(p) = 2101*p + 6301. Calculate r(-3).
-2
Let k(t) = 15*t**2 + 238*t - 22. Determine k(-16).
10
Let n(p) = -10*p - 135. Calculate n(-26).
125
Let f(n) = -693*n + 6244. Give f(9).
7
Let t(r) = 52*r - 1986. Determine t(34).
-218
Let c(h) = 14*h - 30. Give c(-9).
-156
Let q(v) = -1834*v + 55017. Give q(30).
-3
Let t(y) = 269*y + 562. What is t(-2)?
24
Let i(g) = 884*g - 1767. Give i(2).
1
Let t(z) = 131*z - 649. What is t(5)?
6
Let y(q) = 2*q**3 + 4*q**2 + 34*q - 115. Calculate y(4).
213
Let d(g) = -150*g + 4007. Determine d(27).
-43
Let y(q) = 1719*q - 1678. What is y(1)?
41
Let j(f) = 3*f**2 - 535*f - 2185. What is j(-4)?
3
Let k(f) = f**2 - 45*f - 39. Calculate k(47).
55
Let h(y) = -2*y**2 - 97*y + 379. What is h(-51)?
124
Let h(y) = -27*y + 74. Give h(-11).
371
Let k(x) = -8*x + 138. What is k(0)?
138
Let v(l) = l**3 + 39*l**2 + 42*l + 126. Give v(-38).
-26
Let s(y) = -52*y - 2228. Determine s(-43).
8
Let f(o) = -3*o**3 + 21*o**2 - 7*o - 7. Determine f(6).
59
Let w(s) = -1848*s + 35113. Determine w(19).
1
Let d(a) = -a**2 + 278*a + 5609. Determine d(-19).
-34
Let u(q) = 5*q**3 + 217*q**2 - 131*q + 26. Determine u(-44).
-18
Let l(i) = 9*i**2 - 94*i + 169. What is l(8)?
-7
Let b(z) = 2*z**3 + 3*z**2 - 3*z - 10. Calculate b(-2).
-8
Let n(g) = 298*g - 3571. Calculate n(12).
5
Let b(m) = -m**2 - 198*m - 1121. Determine b(-6).
31
Let m(y) = -y**3 - y - 23. Determine m(0).
-23
Let j(g) = 91*g + 1918. Determine j(-21).
7
Let a(z) = z**3 + 23*z**2 + 135*z + 31. What is a(-11)?
-2
Let w(j) = -5*j**2 + 10*j + 21. Calculate w(-3).
-54
Let s(j) = 63*j - 2186. What is s(35)?
19
Let m(k) = 153*k**2 - 452*k + 14. Calculate m(3).
35
Let d(y) = 706*y - 66. What is d(1)?
640
Let y(h) = 6*h**3 + 4*h**2 + 3*h - 2. What is y(-2)?
-40
Let i(v) = -2*v**3 - 3434*v**2 - 54431*v + 14. What is i(-16)?
-2
Let p(c) = -45*c - 456. What is p(-11)?
39
Let v(b) = b**2 - 328*b - 328. What is v(-1)?
1
Let k(l) = -l**2 + 13*l + 26. Give k(14).
12
Let c(g) = -g**2 - 8*g + 31. Determine c(5).
-34
Let n(y) = 5415*y - 5430. Calculate n(1).
-15
Let r(g) = g**3 + 28*g**2 - 234*g - 51. Determine r(7).
26
Let r(g) = -232*g + 5101. What is r(22)?
-3
Let k(r) = -r**2 - 3961*r + 156011. Give k(39).
11
Let j(p) = p**3 - 45*p**2 + 84*p - 40. Determine j(43).
-126
Let s(d) = -d**2 + 36*d + 315. Calculate s(42).
63
Let n(r) = -64*r + 310. Give n(6).
-74
Let i(k) = -3*k**2 - 9*k - 15. Determine i(-4).
-27
Let m(f) = -f**3 + 99*f**2 + 6104*f - 74. Give m(-43).
12
Let y(l) = 120*l**2 + 99*l + 98. What is y(-1)?
119
Let r(d) = -357*d - 710. What is r(-2)?
4
Let m(s) = 352*s**2 - 1760*s - 1. Determine m(5).
-1
Let d(o) = -416*o - 1247. Calculate d(-3).
1
Let j(i) = 294*i + 9417. Determine j(-32).
9
Let m(u) = -50*u + 1755. Determine m(36).
-45
Let i(t) = -7*t - 488. Give i(-36).
-236
Let m(x) = -48*x - 288. Calculate m(-11).
240
Let a(k) = -24*k - 160. What is a(5)?
-280
Let j(t) = -3*t**3 + 4*t**2 - 5. Give j(3).
-50
Let j(w) = -12150*w - 24314. Give j(-2).
-14
Let z(o) = -92103*o - 368404. What is z(-4)?
8
Let p(v) = -v**2 + 163*v + 1866. Give p(-11).
-48
Let q(v) = -13*v**2 + 15*v + 463. Determine q(-5).
63
Let v(f) = -f**2 - 9*f - 156. Give v(-7).
-142
Let i(x) = -51*x - 145. Calculate i(-3).
8
Let p(g) = 309*g + 3839. Give p(-12).
131
Let f(h) = h**3 - 50*h**2 - 118*h + 755. Calculate f(52).
27
Let s(r) = -r**2 + 8*r - 12. Determine s(4).
4
Let x(u) = -504*u + 22144. Calculate x(44).
-32
Let v(f) = f - 3. Calculate v(13).
10
Let k(l) = l**3 - 3*l**2 + 15*l + 146. Determine k(-8).
-678
Let q(p) = -379*p + 5366. What is q(14)?
60
Let f(n) = 552*n - 4440. Calculate f(8).
-24
Let v(m) = m**3 + 6*m**2 - 56*m + 16. Give v(5).
11
Let c(b) = 341*b - 8517. Give c(25).
8
Let p(s) = -30*s - 64. What is p(-3)?
26
Let g(y) = 2*y**2 + 50*y - 63. Calculate g(-26).
-11
Let z(j) = -385*j - 401. Determine z(-1).
-16
Let v(m) = 166*m + 5816. What is v(-35)?
6
Let v(w) = 40*w - 3953. Give v(99).
7
Let k(a) = 23*a + 72. Calculate k(0).
72
Let r(m) = 5*m**2 + 11*m - 17. Give r(-6).
97
Let a(l) = 5*l**2 + 45*l - 15. What is a(-10)?
35
Let c(g) = -389*g + 12029. Give c(31).
-30
Let a(p) = p**3 + 71*p**2 + 447*p + 17. Determine a(-7).
24
Let p(q) = 9*q**2 - 1084*q - 606. Determine p(121).
-1
Let z(n) = -415*n + 1684. What is z(4)?
24
Let c(p) = -452*p**2 - 1359*p - 13. Calculate c(-3).
-4
Let d(w) = -29*w**2 + 437*w - 77. Calculate d(15).
-47
Let h(t) = -311*t + 1858. Give h(6).
-8
Let v(m) = 20*m**2 - 879*m + 878. Give v(1).
19
Let d(t) = -9*t**2 + 117*t + 634. What is d(-6)?
-392
Let o(c) = -6*c**2 - 513*c - 2859. Calculate o(-6).
3
Let c(n) = -48*n**2 - 357*n + 188. What is c(-8)?
-28
Let q(m) = -909*m - 92717. Determine q(-102).
1
Let k(h) = h**2 + 182*h + 2802. Give k(-165).
-3
Let p(c) = -39*c**2 - 17*c - 12. What is p(-1)?
-34
Let r(p) = p**3 + 3*p**2 + 8*p + 6. Determine r(-3).
-18
Let t(h) = -h**3 + h**2 + 51*h - 120. Determine t(6).
6
Let x(j) = 12*j**2 + 13*j + 1. What is x(1)?
26
Let v(o) = 70*o**2 - 56*o + 95. What is v(2)?
263
Let o(j) = j**2 + 12*j + 23. Calculate o(-10).
3
Let f(w) = -26*w + 924. Determine f(36).
-12
Let d(a) = -3*a**2 - 46*a - 236. Give d(-9).
-65
Let g(h) = -70*h - 1473. Calculate g(-21).
-3
Let t(p) = -3*p**3 - 12*p**2 + 59*p + 76. Calculate t(-5).
-144
Let w(i) = 3*i**3 - 271*i**2 + 96*i - 552. What is w(90)?
-12
Let n(f) = 15*f**2 + 19*f - 89. Calculate n(6).
565
Let c(a) = -a**2 + 32*a + 217. Give c(-5).
32
Let q(x) = 11*x**2 - 816*x - 817. Determine q(-1).
10
Let u(j) = -j**3 - 39*j**2 - 32*j + 1652. Give u(-37).
98
Let k(x) = -x**3 + 44*x**2 + 6*x + 1784. Give k(45).
29
Let b(a) = 15*a**2 + 152*a + 32. Give b(-10).
12
Let t(h) = h**2 - 2*h - 66. Give t(-8).
14
Let u(r) = 9*r**2 + 9*r + 5. Calculate u(-3).
59
Let o(i) = -i**3 - 7*i**2 + 99*i + 167. Calculate o(-15).
482
Let f(v) = v**2 + 66*v - 2505. Determine f(27).
6
Let a(w) = -208*w - 4363. Determine a(-21).
5
Let v(d) = d**3 - 9*d**2 + 18*d - 1. What is v(4)?
-9
Let u(v) = -2*v**3 - 52*v**2 + 59*v + 61. What is u(-27)?
-74
Let f(k) = -k**3 + 89*k**2 - 1775*k + 314. Calculate f(59).
19
Let n(m) = 148*m + 1920. Calculate n(-13).
-4
Let s(q) = 49*q - 4499. What is s(92)?
9
Let h(y) = -4*y**3 + 227*y**2 + 1033*y + 247. Give h(61).
3
Let x(m) = -21*m**2 - 19*m + 43. Calculate x(2).
-79
Let w(x) = -55*x + 4755. Give w(86).
25
Let y(w) = 83*w + 1034. What is y(-12)?
38
Let x(z) = -3*z**2 + 78*z - 4. Give x(21).
311
Let b(v) = -57*v**2 + 619*v - 11. What is b(11)?
-